. Calculate g(1).
-6
Let j(f) = -225*f - 6397. What is j(-28)?
-97
Let q(a) = -9514*a - 237161. Calculate q(-25).
689
Let a(s) = 3219*s + 1088027. What is a(-338)?
5
Let l(j) = -96*j - 593. What is l(-6)?
-17
Let h(y) = 3*y**3 - 216*y**2 + 1264*y + 1484. Determine h(-1).
1
Let t(m) = -11878*m - 878967. What is t(-74)?
5
Let a(p) = 22*p**2 - 8743*p + 3569. Determine a(397).
-4
Let g(o) = o**3 - 54*o**2 + 17*o + 1328. Determine g(53).
-580
Let v(f) = -2*f**3 + 4*f**2 + 164*f - 15. Calculate v(10).
25
Let z(a) = 2*a**3 + a**2 - 1016*a - 83. What is z(0)?
-83
Let f(z) = 91*z + 1356. What is f(-21)?
-555
Let o(j) = -20*j**2 - 264*j + 1404. Calculate o(7).
-1424
Let w(j) = 2*j**2 - 72*j + 137. Calculate w(29).
-269
Let b(d) = d**3 + 14*d**2 - 36*d - 795. Calculate b(-10).
-35
Let y(m) = 4*m**2 - 1288*m - 18819. Determine y(336).
-3
Let z(i) = -298165*i - 894476. Determine z(-3).
19
Let n(u) = -4*u**2 - 338*u + 1563. Give n(-88).
331
Let o(u) = 110649*u + 4425965. What is o(-40)?
5
Let b(i) = -2*i**3 + 35*i**2 + 86*i - 43. What is b(18)?
1181
Let l(u) = 3*u**3 - 129*u**2 + 554*u + 515. Determine l(38).
-93
Let r(l) = l**3 + 58*l**2 - 386*l - 145. Determine r(-64).
-17
Let h(s) = -214*s**2 - 1518*s - 77. Give h(-7).
63
Let h(x) = -5287*x + 74100. What is h(14)?
82
Let s(k) = -137*k**2 - 1092*k. What is s(-8)?
-32
Let u(s) = 2*s**2 - 118*s - 335. Give u(-16).
2065
Let l(q) = 281372*q + 2250980. Determine l(-8).
4
Let r(f) = 4*f**3 + 2*f**2 + 2567*f - 5165. Give r(2).
9
Let p(y) = -15788*y + 710448. What is p(45)?
-12
Let s(n) = 52847*n + 2800896. Determine s(-53).
5
Let m(l) = -2*l**2 + 45046*l - 225198. What is m(5)?
-18
Let l(f) = -4*f**2 + 620*f - 18972. Give l(42).
12
Let a(f) = 4197314*f + 4197315. What is a(-1)?
1
Let h(m) = -12*m**2 + 2362*m + 7092. Calculate h(-3).
-102
Let g(t) = -72560*t - 653043. Give g(-9).
-3
Let n(q) = -q**3 + 783*q**2 - 19844*q + 122627. Calculate n(757).
-7
Let s(p) = -13*p**2 + 212410*p - 849617. Calculate s(4).
-185
Let r(i) = 6*i**3 + 619*i**2 - 520*i + 76. Determine r(-104).
76
Let i(g) = 27*g**2 - 39*g - 139. Give i(-4).
449
Let o(q) = -137*q**2 + 4295*q + 90. Calculate o(32).
-2758
Let y(g) = 114*g**2 + 6029*g - 19883. Determine y(-56).
-3
Let t(o) = -o**3 - 28*o**2 - 17*o - 5628. Calculate t(-33).
378
Let t(g) = 15312*g - 5343892. Calculate t(349).
-4
Let k(s) = -778*s - 1365. Determine k(-2).
191
Let l(h) = 125806*h + 13461237. What is l(-107)?
-5
Let w(h) = 1770*h + 509759. Determine w(-288).
-1
Let a(m) = 2*m**3 - 150*m**2 + 1174*m - 30. Give a(66).
-954
Let w(o) = -49*o**3 + 4709*o**2 + 4271*o - 303. Determine w(97).
-12
Let i(b) = -5*b**2 - 34726*b - 1140511. Give i(-33).
2
Let f(x) = -36705*x - 1651710. Give f(-45).
15
Let h(i) = -4092*i + 572925. What is h(140)?
45
Let x(q) = -99271*q - 11. Determine x(0).
-11
Let h(r) = 4*r**3 - 47*r**2 + 85*r + 119. Determine h(9).
-7
Let y(h) = -49*h**2 - 21597*h + 26971. What is y(-442)?
9
Let d(z) = 166*z - 42892. Calculate d(261).
434
Let n(w) = -12*w**2 + 1082*w - 18265. Calculate n(17).
-3339
Let s(o) = -21*o**3 - 1236*o**2 + 167*o - 586. Calculate s(-59).
4
Let n(c) = 4802*c + 336142. Determine n(-70).
2
Let l(a) = 172306*a - 4135348. Give l(24).
-4
Let x(o) = -51*o**3 + 3*o**2 + 98*o - 214. Calculate x(2).
-414
Let g(m) = 56*m**3 + 195*m**2 - 585*m + 5. What is g(3)?
1517
Let w(a) = 1637759*a - 4913288. Determine w(3).
-11
Let s(o) = -65919*o + 3032257. Calculate s(46).
-17
Let i(c) = -82*c - 9378. Determine i(-150).
2922
Let d(c) = -5*c**2 - 82*c + 6613. Give d(29).
30
Let b(q) = q**3 - 38*q**2 - 629*q + 1799. What is b(50)?
349
Let y(m) = -m**3 - 19*m**2 - 40*m + 375. What is y(-23)?
3411
Let v(j) = -158*j**2 + 1615*j - 43. What is v(10)?
307
Let k(v) = 43*v**3 - 34*v**2 - 68*v + 102. Calculate k(1).
43
Let a(t) = -t**3 - 47*t**2 - 24*t + 2430. What is a(-45)?
-540
Let c(f) = 5*f**2 - 560*f - 155447. Determine c(-129).
-2
Let n(i) = 20*i**2 + 373*i - 127. Give n(-19).
6
Let o(p) = 2368*p - 416773. Determine o(176).
-5
Let g(w) = w**2 - 53*w - 327. Give g(-5).
-37
Let d(u) = -3*u**3 + 527*u**2 - 14768*u - 49. Calculate d(35).
21
Let a(y) = 7*y**3 + 106*y**2 + 150*y + 2028. What is a(-15)?
3
Let o(p) = p**2 + 1415*p - 7094. Give o(5).
6
Let g(s) = 35179*s - 668399. Give g(19).
2
Let g(s) = -57*s**2 + 6130*s - 3261. What is g(107)?
56
Let z(q) = q**2 + 1255*q - 46604. Calculate z(36).
-128
Let x(p) = 2*p**3 - 13*p**2 + 32. Determine x(10).
732
Let u(h) = 2*h**3 - 74*h**2 + 331*h - 361. Give u(32).
-9
Let u(n) = 4*n**2 + 380*n - 5921. Determine u(15).
679
Let u(s) = -6*s**3 + 556*s**2 + 1355*s - 2381. Give u(95).
-6
Let m(g) = -1358*g + 241706. Give m(178).
-18
Let s(m) = -m**3 + 462*m**2 - 1378*m - 731. Determine s(459).
-1190
Let k(q) = -606*q - 135161. Determine k(-221).
-1235
Let h(b) = 2*b**3 - 58*b**2 + 20*b - 2343. Give h(30).
57
Let x(i) = -75*i**2 - 1077*i + 2149. Calculate x(2).
-305
Let z(m) = -2*m**3 + 45*m**2 + 18*m + 119. Give z(23).
4
Let v(d) = 22*d**2 - 825*d + 31. Give v(34).
-2587
Let y(x) = -17*x**2 - 690*x - 518. Calculate y(-44).
-3070
Let g(n) = -n**3 + 2*n**2 + 426*n + 500. What is g(22)?
192
Let z(j) = -14*j - 1283. Give z(-15).
-1073
Let r(c) = -4*c**3 - 47*c**2 + 5668*c - 317. Determine r(-44).
35
Let v(z) = 9395*z + 150186. What is v(-16)?
-134
Let m(k) = k**2 - 630*k + 80198. Give m(177).
17
Let r(i) = -333*i**2 + 1599*i + 2350. Give r(6).
-44
Let x(y) = -y**2 - 203668*y + 1833070. Calculate x(9).
-23
Let b(v) = v**3 + 18*v**2 + 131*v + 442. Give b(-9).
-8
Let w(s) = 2311136*s - 4622288. Calculate w(2).
-16
Let g(z) = 2*z**3 - 2171*z**2 - 840*z - 267074. Give g(1086).
82
Let s(m) = -182*m - 15894. Determine s(-90).
486
Let g(v) = v**3 - 385*v**2 + 1165*v - 7229. Give g(382).
29
Let a(f) = -5*f**2 + 836*f - 1637. Calculate a(2).
15
Let q(o) = -967*o**2 + 4*o - 4. What is q(-1)?
-975
Let o(s) = 10*s**2 - 406*s - 6609. What is o(-16)?
2447
Let y(t) = -410*t - 34860. Calculate y(-85).
-10
Let w(v) = 3*v**3 + 183*v**2 + 496*v - 175. What is w(-3)?
-97
Let r(a) = -83001*a + 1494009. Give r(18).
-9
Let a(c) = -2801*c - 23434. Calculate a(-8).
-1026
Let g(i) = -i**3 + 80*i**2 - 280*i - 1842. Give g(76).
-18
Let d(n) = -403*n + 18738. Calculate d(46).
200
Let w(z) = -5*z**3 + 989*z**2 - 2730*z + 14. Give w(195).
14
Let b(d) = -d**3 - 282*d**2 + 1425*d - 2586. Calculate b(-287).
284
Let f(h) = h**3 - 20*h**2 + 29*h - 88. Determine f(12).
-892
Let k(n) = 24*n + 2493. Calculate k(-102).
45
Let r(g) = 13*g**3 + 31*g**2 + 27*g - 39. Determine r(3).
672
Let o(x) = -x**2 - 141*x - 700. Give o(-6).
110
Let n(v) = -4017*v - 1132787. What is n(-282)?
7
Let h(b) = -1742463*b - 6969849. Determine h(-4).
3
Let v(a) = 3*a**2 - 582*a + 2477. Calculate v(187).
-1450
Let u(b) = -117*b**2 - 8179*b + 775. Calculate u(-70).
5
Let p(k) = -5*k**3 + 25*k**2 + 102*k + 5438. Give p(13).
4
Let x(v) = -v**2 - 30*v - 1290. Give x(-45).
-1965
Let s(h) = -h**3 - 20*h**2 + 82*h - 1185. Give s(-23).
-1484
Let o(w) = 340414*w - 5106224. Give o(15).
-14
Let o(f) = -460*f + 378. Give o(-3).
1758
Let j(h) = 118*h - 36926. Calculate j(311).
-228
Let k(w) = 2*w**2 + 255*w + 7140. What is k(-42)?
-42
Let d(s) = -18*s**2 - 129*s - 177. Determine d(-2).
9
Let i(g) = -21*g**2 + 8654*g + 34106. Determine i(416).
-6
Let v(g) = -2*g**3 + 669*g**2 - 83*g - 83836. Calculate v(334).
-2
Let h(o) = -1674*o - 683033. Calculate h(-408).
-41
Let l(m) = 12*m**3 - 4222*m**2 - 704*m + 4. Calculate l(352).
4
Let v(q) = 2*q**2 - 744*q - 19497. Determine v(-26).
1199
Let o(m) = 6254*m + 43764. Give o(-7).
-14
Let b(y) = y**2 + 2*y - 265. Give b(-18).
23
Let n(c) = c**2 + 5318*c + 63680. Determine n(-12).
8
Let g(x) = x**3 - 60*x**2 + 44*x + 4003. Give g(58).
-173
Let d(u) = 121*u - 21962. What is d(186)?
544
Let m(q) = 853*q + 5835. What is m(2)?
7541
Let n(r) = -840*r - 8501. What is n(-10)?
-101
Let v(x) = -1797*x + 141914. Give v(79).
-49
Let d(u) = -u**3 - 913*u**2 + 11098*u - 12. Calculate d(12).
-36
Let c(p) = p**2 - 1800*p + 9001. Calculate c(5).
26
Let r(w) = -6*w**2 + 817*w + 35696. Give r(171).
-43
Let k(q) = 2*q**2 + 51022*q - 306222. Give k(6).
-18
Let w(r) = -r**3 + 1420*r**2 - 11248*r - 395. What is w(8)?
-11
Let z(a) = 814*a - 42322. Give z(52).
6
Let x(p) = -104*p**2 + 1547*p + 158.